he greatest common factor of 58 and 58?
58
What is the highest common divisor of 9 and 657?
9
Calculate the greatest common factor of 20 and 220.
20
Calculate the highest common factor of 370 and 518.
74
What is the greatest common factor of 1475 and 472?
59
What is the highest common factor of 4 and 164?
4
What is the highest common factor of 17 and 19?
1
What is the highest common factor of 36 and 12?
12
Calculate the highest common divisor of 700 and 56.
28
What is the greatest common divisor of 12 and 444?
12
What is the highest common divisor of 672 and 2464?
224
Calculate the highest common divisor of 83 and 498.
83
Calculate the greatest common factor of 38 and 722.
38
What is the greatest common factor of 1056 and 12?
12
Calculate the greatest common divisor of 24 and 384.
24
What is the greatest common divisor of 3250 and 260?
130
Calculate the highest common divisor of 33 and 891.
33
Calculate the highest common divisor of 111 and 148.
37
What is the highest common divisor of 133 and 741?
19
What is the highest common divisor of 22 and 198?
22
Calculate the highest common factor of 5576 and 272.
136
Calculate the highest common factor of 32 and 224.
32
Calculate the highest common divisor of 52 and 104.
52
Calculate the greatest common factor of 77 and 99.
11
Calculate the greatest common divisor of 691 and 1.
1
Calculate the greatest common divisor of 161 and 1633.
23
What is the highest common factor of 874 and 38?
38
Calculate the greatest common factor of 170 and 765.
85
Calculate the greatest common factor of 15 and 1345.
5
Calculate the greatest common factor of 893 and 517.
47
Calculate the highest common divisor of 15416 and 82.
82
What is the highest common factor of 268 and 28676?
268
Calculate the highest common factor of 1274 and 98.
98
What is the greatest common factor of 122 and 8?
2
What is the highest common factor of 324 and 120?
12
What is the greatest common factor of 22 and 814?
22
Calculate the greatest common factor of 250 and 40.
10
What is the greatest common factor of 7701 and 51?
51
What is the highest common divisor of 58 and 12?
2
What is the highest common factor of 1 and 540?
1
Calculate the greatest common factor of 18 and 402.
6
What is the greatest common factor of 396 and 144?
36
Calculate the highest common factor of 1694 and 14.
14
Calculate the greatest common divisor of 56 and 248.
8
What is the highest common factor of 59 and 531?
59
Calculate the greatest common divisor of 14013 and 81.
81
Calculate the greatest common factor of 35 and 290.
5
Calculate the highest common factor of 3107 and 39.
13
Calculate the greatest common divisor of 2480 and 32.
16
Calculate the greatest common factor of 38 and 494.
38
Calculate the highest common factor of 230 and 420.
10
Calculate the highest common divisor of 9702 and 396.
198
Calculate the highest common factor of 77 and 287.
7
What is the highest common divisor of 5 and 480?
5
What is the greatest common divisor of 130 and 7670?
130
What is the greatest common factor of 58 and 986?
58
Calculate the highest common factor of 6 and 147.
3
Calculate the highest common divisor of 1073 and 29.
29
Calculate the highest common divisor of 13 and 19656.
13
What is the greatest common divisor of 1659 and 21?
21
What is the greatest common factor of 35 and 2?
1
What is the greatest common divisor of 4182 and 204?
102
Calculate the greatest common factor of 14 and 763.
7
What is the greatest common divisor of 1407 and 105?
21
Calculate the greatest common factor of 70 and 266.
14
Calculate the highest common divisor of 232 and 64.
8
Calculate the highest common factor of 12 and 348.
12
What is the highest common divisor of 1210 and 410?
10
Calculate the greatest common divisor of 650 and 2470.
130
Calculate the greatest common factor of 52 and 91.
13
What is the highest common factor of 2401 and 7?
7
What is the highest common divisor of 3450 and 15?
15
Calculate the greatest common divisor of 60 and 1986.
6
What is the highest common factor of 3 and 381?
3
Calculate the highest common factor of 21 and 133.
7
What is the greatest common divisor of 24 and 424?
8
Calculate the greatest common divisor of 22 and 33.
11
What is the greatest common divisor of 76 and 29108?
76
Calculate the highest common divisor of 2660 and 4.
4
Calculate the highest common factor of 638 and 116.
58
What is the greatest common factor of 12 and 4476?
12
What is the greatest common factor of 162 and 3321?
81
Calculate the highest common divisor of 597 and 17711.
199
Calculate the highest common factor of 17 and 153.
17
Calculate the greatest common factor of 104 and 104.
104
What is the highest common factor of 37 and 2?
1
What is the greatest common factor of 20 and 5?
5
Calculate the greatest common factor of 160 and 30.
10
Calculate the highest common factor of 12 and 66.
6
Calculate the greatest common factor of 3030 and 30.
30
What is the greatest common divisor of 480 and 15?
15
What is the greatest common divisor of 9 and 279?
9
Calculate the highest common divisor of 5106 and 2109.
111
Calculate the highest common factor of 70 and 410.
10
Calculate the highest common factor of 195 and 1885.
65
What is the highest common factor of 46 and 184?
46
Calculate the greatest common divisor of 946 and 1634.
86
What is the greatest common divisor of 12 and 3?
3
What is the greatest common divisor of 175 and 21?
7
Calculate the highest common factor of 72 and 160.
8
What is the highest common factor of 3 and 983?
1
What is the greatest common factor of 24 and 1032?
24
What is the highest common factor of 31 and 713?
31
What is the greatest common divisor of 522 and 29?
29
Calculate the highest common divisor of 5 and 115.
5
Calculate the highest common divisor of 126 and 846.
18
What is the greatest common factor of 11 and 913?
11
Calculate the greatest common factor of 14 and 26.
2
What is the greatest common divisor of 80 and 208?
16
Calculate the highest common factor of 97 and 23571.
97
Calculate the highest common divisor of 150 and 6.
6
What is the greatest common factor of 1150 and 800?
50
What is the greatest common factor of 14304 and 32?
32
What is the highest common divisor of 30 and 8655?
15
Calculate the greatest common divisor of 7897 and 106.
53
What is the greatest common divisor of 25 and 1725?
25
What is the highest common factor of 12 and 2076?
12
What is the highest common factor of 415 and 5?
5
What is the highest common factor of 336 and 312?
24
What is the greatest common factor of 124 and 8?
4
Calculate the highest common factor of 37170 and 70.
70
What is the greatest common divisor of 81 and 3033?
9
Calculate the greatest common factor of 198 and 8.
2
What is the greatest common factor of 976 and 1342?
122
Calculate the greatest common factor of 4913 and 17.
17
Calculate the greatest common divisor of 6083 and 88.
11
What is the greatest common factor of 2112 and 132?
132
What is the highest common divisor of 506 and 528?
22
Calculate the highest common divisor of 8938 and 82.
82
Calculate the greatest common divisor of 86361 and 33.
33
What is the highest common divisor of 688 and 64?
16
Calculate the greatest common divisor of 5194 and 28.
14
What is the highest common factor of 3408 and 12?
12
What is the highest common divisor of 88 and 44?
44
Calculate the greatest common divisor of 11 and 5907.
11
Calculate the greatest common divisor of 744 and 4216.
248
What is the highest common factor of 24541 and 253?
253
What is the highest common divisor of 171 and 4332?
57
What is the highest common divisor of 91 and 507?
13
What is the greatest common factor of 484 and 847?
121
Calculate the highest common divisor of 33 and 44.
11
What is the greatest common factor of 15 and 600?
15
What is the greatest common divisor of 427 and 244?
61
What is the highest common factor of 3472 and 784?
112
Calculate the greatest common factor of 264 and 24.
24
What is the highest common factor of 1863 and 276?
69
What is the greatest common divisor of 1044 and 1682?
58
What is the greatest common factor of 1387 and 209?
19
Calculate the greatest common divisor of 50 and 60.
10
What is the highest common divisor of 485 and 20?
5
What is the greatest common divisor of 12 and 10?
2